he highest common divisor of 805 and 30?
5
What is the highest common divisor of 1219 and 53?
53
Calculate the greatest common divisor of 1826 and 88.
22
What is the highest common divisor of 240 and 195?
15
What is the greatest common factor of 61 and 671?
61
What is the highest common factor of 1504 and 32?
32
Calculate the highest common divisor of 13530 and 10.
10
What is the highest common factor of 940 and 5452?
188
What is the highest common divisor of 9706 and 211?
211
Calculate the greatest common factor of 8 and 32.
8
Calculate the greatest common factor of 14 and 1106.
14
What is the highest common factor of 12 and 198?
6
Calculate the greatest common factor of 126 and 30.
6
What is the highest common factor of 4 and 74?
2
What is the highest common divisor of 77 and 99?
11
What is the highest common factor of 25 and 3725?
25
What is the highest common divisor of 987 and 42?
21
Calculate the highest common divisor of 528 and 1408.
176
What is the greatest common factor of 135 and 513?
27
What is the greatest common factor of 26125 and 250?
125
What is the highest common factor of 24 and 24?
24
What is the highest common factor of 19 and 247?
19
What is the greatest common divisor of 60 and 12585?
15
Calculate the highest common factor of 816 and 1024.
16
What is the greatest common factor of 162 and 216?
54
Calculate the greatest common divisor of 9 and 123.
3
Calculate the greatest common factor of 6649 and 218.
109
What is the greatest common factor of 80 and 600?
40
Calculate the highest common divisor of 20 and 1340.
20
What is the greatest common factor of 136 and 86360?
136
Calculate the highest common factor of 106 and 1802.
106
Calculate the greatest common factor of 52 and 13.
13
What is the highest common divisor of 48468 and 42?
42
Calculate the greatest common factor of 307 and 47892.
307
What is the highest common factor of 192 and 60?
12
What is the highest common divisor of 121 and 22?
11
What is the highest common factor of 154 and 198?
22
Calculate the greatest common factor of 11398 and 556.
278
What is the greatest common divisor of 595 and 2295?
85
Calculate the highest common factor of 92 and 1196.
92
What is the greatest common factor of 50 and 4175?
25
What is the greatest common factor of 3132 and 324?
108
Calculate the greatest common factor of 135 and 2160.
135
What is the greatest common divisor of 186 and 54?
6
What is the highest common divisor of 21 and 9?
3
Calculate the highest common factor of 242 and 22.
22
What is the greatest common divisor of 12592 and 16?
16
Calculate the greatest common factor of 146 and 657.
73
What is the highest common factor of 1190 and 6460?
170
What is the highest common factor of 33 and 13101?
33
Calculate the greatest common divisor of 1825 and 50.
25
What is the highest common divisor of 405 and 120?
15
Calculate the greatest common divisor of 130 and 10.
10
Calculate the greatest common divisor of 725 and 125.
25
What is the highest common factor of 8 and 128?
8
What is the greatest common factor of 112 and 256?
16
Calculate the highest common factor of 17 and 85.
17
What is the highest common factor of 2 and 4?
2
What is the greatest common divisor of 48 and 2704?
16
Calculate the greatest common factor of 2618 and 56.
14
Calculate the greatest common divisor of 2414 and 1278.
142
What is the greatest common divisor of 1274 and 104?
26
Calculate the highest common factor of 1670 and 10.
10
Calculate the highest common factor of 15 and 350.
5
What is the highest common factor of 65 and 35?
5
What is the highest common factor of 243 and 4455?
81
What is the highest common divisor of 15 and 5?
5
Calculate the highest common divisor of 621 and 138.
69
Calculate the greatest common divisor of 188 and 94.
94
Calculate the greatest common divisor of 1112 and 6533.
139
Calculate the highest common divisor of 24764 and 656.
164
What is the highest common divisor of 20 and 4250?
10
Calculate the highest common factor of 3159 and 234.
117
What is the greatest common divisor of 4097 and 17?
17
What is the highest common divisor of 1647 and 63?
9
What is the highest common divisor of 5 and 275?
5
Calculate the highest common divisor of 5192 and 176.
88
Calculate the highest common factor of 51209 and 41.
41
Calculate the greatest common divisor of 68 and 12.
4
What is the greatest common divisor of 33 and 6677?
11
Calculate the highest common divisor of 48 and 156.
12
Calculate the highest common factor of 7366 and 116.
58
What is the greatest common divisor of 26 and 20527?
13
Calculate the greatest common divisor of 552 and 207.
69
Calculate the highest common factor of 32 and 4336.
16
Calculate the greatest common divisor of 77408 and 118.
118
Calculate the highest common divisor of 125 and 125.
125
Calculate the greatest common divisor of 2296 and 56.
56
What is the greatest common divisor of 406 and 42?
14
What is the greatest common factor of 184 and 312?
8
What is the highest common factor of 455 and 343?
7
What is the highest common factor of 48 and 6544?
16
Calculate the highest common factor of 182 and 14.
14
What is the greatest common divisor of 10362 and 6?
6
What is the greatest common divisor of 1251 and 54?
9
What is the greatest common factor of 35 and 21595?
35
Calculate the greatest common divisor of 2432 and 64.
64
What is the highest common divisor of 33 and 649?
11
Calculate the greatest common factor of 154 and 176.
22
What is the greatest common divisor of 3021 and 57?
57
Calculate the greatest common divisor of 31676 and 4.
4
What is the highest common factor of 252 and 192?
12
Calculate the highest common factor of 297 and 55.
11
Calculate the highest common factor of 644 and 1840.
92
Calculate the highest common factor of 308 and 44.
44
Calculate the greatest common factor of 6755 and 579.
193
What is the highest common factor of 3528 and 1848?
168
Calculate the highest common divisor of 312 and 72.
24
What is the greatest common factor of 3 and 1077?
3
Calculate the greatest common factor of 9 and 2880.
9
Calculate the highest common divisor of 27 and 459.
27
Calculate the highest common divisor of 96 and 1928.
8
Calculate the highest common divisor of 564 and 7050.
282
Calculate the greatest common factor of 57 and 2.
1
Calculate the greatest common divisor of 7575 and 50.
25
What is the highest common factor of 150 and 390?
30
What is the highest common divisor of 84 and 588?
84
What is the highest common factor of 70 and 266?
14
What is the greatest common divisor of 39 and 39?
39
Calculate the greatest common factor of 44 and 33.
11
What is the highest common factor of 20 and 290?
10
What is the greatest common divisor of 1066 and 26?
26
What is the greatest common factor of 697 and 51?
17
What is the greatest common divisor of 86779 and 343?
343
What is the greatest common factor of 3456 and 512?
128
What is the highest common divisor of 156 and 39?
39
Calculate the greatest common factor of 800 and 125.
25
What is the highest common divisor of 800 and 60?
20
What is the greatest common divisor of 125 and 1250?
125
What is the highest common factor of 1344 and 1638?
42
Calculate the highest common divisor of 560 and 35.
35
What is the highest common factor of 385 and 605?
55
Calculate the greatest common divisor of 70 and 80.
10
What is the highest common factor of 1010 and 250?
10
What is the greatest common factor of 777 and 22422?
111
What is the greatest common factor of 154 and 238?
14
What is the greatest common divisor of 162 and 1701?
81
Calculate the greatest common divisor of 45 and 441.
9
Calculate the highest common divisor of 64 and 112.
16
What is the greatest common factor of 636 and 156?
12
What is the greatest common divisor of 171 and 703?
19
Calculate the highest common divisor of 30 and 195.
15
Calculate the greatest common divisor of 19 and 931.
19
Calculate the greatest common divisor of 655 and 262.
131
What is the highest common factor of 96 and 608?
32
Calculate the greatest common divisor of 240 and 1280.
80
What is the greatest common divisor of 799 and 51?
17
Calculate the greatest common factor of 120 and 96.
24
Calculate the greatest common divisor of 10 and 7540.
10
What is the highest common divisor of 224 and 